actors of 2614.
2, 1307
List the prime factors of 53589.
3, 17863
List the prime factors of 642.
2, 3, 107
What are the prime factors of 4686?
2, 3, 11, 71
List the prime factors of 13367.
13367
List the prime factors of 355.
5, 71
List the prime factors of 1240.
2, 5, 31
List the prime factors of 2314.
2, 13, 89
List the prime factors of 3174.
2, 3, 23
What are the prime factors of 10166?
2, 13, 17, 23
List the prime factors of 8366.
2, 47, 89
List the prime factors of 1058.
2, 23
List the prime factors of 687.
3, 229
What are the prime factors of 89217?
3, 23, 431
List the prime factors of 3595.
5, 719
What are the prime factors of 1411?
17, 83
What are the prime factors of 5231?
5231
What are the prime factors of 11959?
11959
What are the prime factors of 594?
2, 3, 11
What are the prime factors of 2421?
3, 269
List the prime factors of 5635.
5, 7, 23
List the prime factors of 2882.
2, 11, 131
List the prime factors of 1055.
5, 211
List the prime factors of 2640.
2, 3, 5, 11
List the prime factors of 7870.
2, 5, 787
What are the prime factors of 1332?
2, 3, 37
List the prime factors of 116061.
3, 11, 3517
What are the prime factors of 16163?
7, 2309
What are the prime factors of 18253?
18253
List the prime factors of 490.
2, 5, 7
List the prime factors of 957.
3, 11, 29
What are the prime factors of 995?
5, 199
What are the prime factors of 16519?
16519
List the prime factors of 1712.
2, 107
What are the prime factors of 4937?
4937
List the prime factors of 1338.
2, 3, 223
What are the prime factors of 308?
2, 7, 11
List the prime factors of 15973.
15973
What are the prime factors of 424?
2, 53
List the prime factors of 22013.
22013
What are the prime factors of 2516?
2, 17, 37
List the prime factors of 2809.
53
List the prime factors of 1698.
2, 3, 283
List the prime factors of 8824.
2, 1103
List the prime factors of 558.
2, 3, 31
What are the prime factors of 4166?
2, 2083
List the prime factors of 351.
3, 13
List the prime factors of 19650.
2, 3, 5, 131
List the prime factors of 682.
2, 11, 31
List the prime factors of 195.
3, 5, 13
List the prime factors of 16819.
11, 139
List the prime factors of 731.
17, 43
List the prime factors of 2227.
17, 131
List the prime factors of 2880.
2, 3, 5
List the prime factors of 562.
2, 281
What are the prime factors of 124660?
2, 5, 23, 271
What are the prime factors of 29641?
29641
List the prime factors of 13461.
3, 7, 641
What are the prime factors of 428?
2, 107
List the prime factors of 50767.
50767
What are the prime factors of 12075?
3, 5, 7, 23
List the prime factors of 15419.
17, 907
What are the prime factors of 17743?
11, 1613
What are the prime factors of 5858?
2, 29, 101
What are the prime factors of 818?
2, 409
What are the prime factors of 34512?
2, 3, 719
List the prime factors of 4096.
2
List the prime factors of 15548.
2, 13, 23
List the prime factors of 2276.
2, 569
List the prime factors of 1036.
2, 7, 37
List the prime factors of 128911.
17, 7583
List the prime factors of 3256.
2, 11, 37
What are the prime factors of 2750?
2, 5, 11
What are the prime factors of 27310?
2, 5, 2731
What are the prime factors of 1777?
1777
List the prime factors of 15078.
2, 3, 7, 359
What are the prime factors of 1238?
2, 619
List the prime factors of 983.
983
What are the prime factors of 9236?
2, 2309
What are the prime factors of 199?
199
List the prime factors of 3661.
7, 523
What are the prime factors of 598?
2, 13, 23
List the prime factors of 5153.
5153
List the prime factors of 393.
3, 131
List the prime factors of 2034.
2, 3, 113
List the prime factors of 108596.
2, 17, 1597
List the prime factors of 13629.
3, 7, 11, 59
What are the prime factors of 17842?
2, 11, 811
List the prime factors of 2090.
2, 5, 11, 19
List the prime factors of 10308.
2, 3, 859
What are the prime factors of 6764?
2, 19, 89
List the prime factors of 75923.
23, 3301
List the prime factors of 3850.
2, 5, 7, 11
What are the prime factors of 1700?
2, 5, 17
What are the prime factors of 56008?
2, 7001
What are the prime factors of 83749?
89, 941
List the prime factors of 204.
2, 3, 17
What are the prime factors of 27?
3
What are the prime factors of 5401?
11, 491
List the prime factors of 366.
2, 3, 61
List the prime factors of 5257.
7, 751
What are the prime factors of 23826?
2, 3, 11, 19
What are the prime factors of 30367?
30367
What are the prime factors of 4072?
2, 509
What are the prime factors of 7101?
3, 263
What are the prime factors of 2442?
2, 3, 11, 37
List the prime factors of 124725.
3, 5, 1663
What are the prime factors of 1807?
13, 139
List the prime factors of 440.
2, 5, 11
What are the prime factors of 415?
5, 83
List the prime factors of 285.
3, 5, 19
List the prime factors of 12732.
2, 3, 1061
What are the prime factors of 3326?
2, 1663
What are the prime factors of 117512?
2, 37, 397
What are the prime factors of 1587?
3, 23
What are the prime factors of 6915?
3, 5, 461
List the prime factors of 10022.
2, 5011
What are the prime factors of 165450?
2, 3, 5, 1103
List the prime factors of 350.
2, 5, 7
What are the prime factors of 3839?
11, 349
What are the prime factors of 653?
653
List the prime factors of 181120.
2, 5, 283
What are the prime factors of 1416?
2, 3, 59
List the prime factors of 492.
2, 3, 41
What are the prime factors of 2000?
2, 5
List the prime factors of 14904.
2, 3, 23
List the prime factors of 5671.
53, 107
What are the prime factors of 6092?
2, 1523
What are the prime factors of 55187?
11, 29, 173
What are the prime factors of 25176?
2, 3, 1049
List the prime factors of 2327.
13, 179
List the prime factors of 244.
2, 61
List the prime factors of 53290.
2, 5, 73
List the prime factors of 96888.
2, 3, 11, 367
What are the prime factors of 6468?
2, 3, 7, 11
List the prime factors of 569.
569
List the prime factors of 46139.
29, 37, 43
What are the prime factors of 3603?
3, 1201
List the prime factors of 55008.
2, 3, 191
What are the prime factors of 964?
2, 241
What are the prime factors of 103874?
2, 167, 311
List the prime factors of 422.
2, 211
What are the prime factors of 291?
3, 97
What are the prime factors of 1116?
2, 3, 31
What are the prime factors of 58002?
2, 3, 7, 1381
List the prime factors of 2790.
2, 3, 5, 31
List the prime factors of 936.
2, 3, 13
What are the prime factors of 156675?
3, 5, 2089
What are the prime factors of 55989?
3, 6221
List the prime factors of 640.
2, 5
List the prime factors of 45264.
2, 3, 23, 41
List the prime factors of 3228.
2, 3, 269
What are the prime factors of 985?
5, 197
What are the prime factors of 14266?
2, 7, 1019
List the prime factors of 13675.
5, 547
What are the prime factors of 3429?
3, 127
List the prime factors of 37089.
3, 13, 317
List the prime factors of 1234.
2, 617
What are the prime factors of 3487?
11, 317
What are the prime factors of 84033?
3, 9337
What are the prime factors of 1762?
2, 881
What are the prime factors of 960?
2, 3, 5
List the prime factors of 3169.
3169
List the prime factors of 740.
2, 5, 37
What are the prime factors of 22?
2, 11
What are the prime factors of 3338?
2, 1669
What are the prime factors of 1035?
3, 5, 23
What are the prime factors of 7612?
2, 11, 173
What are the prime factors of 26157?
3, 8719
List the prime factors of 35803.
35803
What are the prime factors of 1193?
1193
What are the prime factors of 643?
643
List the prime factors of 22755.
3, 5, 37, 41
What are the prime factors of 66104?
2, 8263
List the prime factors of 1342.
2, 11, 61
List the prime factors of 16322.
2, 8161
List the prime factors of 539.
7, 11
What are the prime factors of 46850?
2, 5, 937
List the prime factors of 23233.
7, 3319
List the prime factors of 3811.
37, 103
List the prime factors of 154054.
2, 17, 23, 197
List the prime factors of 20922.
2, 3, 11, 317
What are the prime factors of 1847?
1847
What are the prime factors of 1147?
31, 37
List the prime factors of 1420.
2, 5, 71
List the prime factors of 4180.
2, 5, 11, 19
List the prime factors of 113016.
2, 3, 17, 277
List the prime factors of 7175.
5, 7, 41
What are the prime factors of 12612?
2, 3, 1051
What are the prime factors of 732?
2, 3, 61
List the prime factors of 1310.
2, 5, 131
List the prime factors of 2698.
2, 19, 71
What are the pr